reatest common factor of 18 and i?
2
Suppose -874 = 1444*w - 1446*w. What is the highest common divisor of w and 115?
23
Let u(s) = 7*s**2 - 12*s - 3. Let o be u(-3). Let p be -1*3*4/(-2). Calculate the greatest common divisor of o and p.
6
Let y = -22 + 55. Let w = -15 + y. Let d = 3 + -1. What is the highest common divisor of d and w?
2
Let z be 156/9 - (-3)/(-9). Let h(v) = v**2 - 15*v + 36. Let c be h(z). Calculate the greatest common divisor of 20 and c.
10
Let u(h) = -3*h**2 + 203*h - 48. Let a be u(67). Calculate the greatest common divisor of a and 6.
2
Let y = -279 + 301. Let s be ((-107)/2)/((-3)/(-6)). Let q = s - -261. Calculate the highest common factor of q and y.
22
Let j be (-8)/(1/((196/8)/(-7))). Calculate the highest common divisor of 126 and j.
14
Suppose 4*b = -y - 1, -4*y - 3*b - 4 = -0*y. Let q be 414/27 + y/3. Let m(j) = -j + 30. Let k be m(0). What is the greatest common divisor of k and q?
15
Let h(m) = m**3 + 5*m**2 - 7*m - 4. Let d be h(-6). Suppose d*v = 6*v - 8. Let x be (-15 - -34) + v + -1. Calculate the greatest common factor of 100 and x.
20
Let j = -2 + 2. Suppose j = x - 4*x. Suppose x*n + n = 8. Calculate the greatest common factor of 16 and n.
8
Suppose -2*b - 3*b + 124 = 2*r, -3*b + 348 = 5*r. Calculate the highest common factor of 90 and r.
18
Let f(u) = -3*u - 2. Let j be f(-4). Let r be (-2)/j - (-724)/20. What is the highest common factor of r and 24?
12
Let z = 271 + -191. Let n be 1*-5 - (-6)/3. Let l(i) = -2*i**3 - 2*i**2 + 2*i + 2. Let f be l(n). What is the greatest common divisor of z and f?
16
Let t be 4/14 + (-214)/14. Let z = t + 51. Suppose 3*h = -12 + 39. What is the greatest common divisor of h and z?
9
Suppose 5*r - 40 = -5*y, 7*y - r - 16 = 4*y. Suppose -y*f + 2*f = -64. Let v = 59 - 19. Calculate the greatest common divisor of f and v.
8
Suppose -3*s + 103 = 1. What is the highest common divisor of 17 and s?
17
Suppose -5*v + 4*v = 20. Let f = 14 + -29. Let s be f/v + 82/8. What is the highest common divisor of s and 44?
11
Let z be (-49)/(1 - (-3)/(-6)). Let t = z - -138. Calculate the highest common factor of 16 and t.
8
Let v = 11 + -15. Let a be ((-21)/(-6))/((-1)/v). Suppose 2*y = -10, -w - 4*y - a = w. What is the highest common factor of w and 21?
3
Let j(d) = 80*d. Suppose m = -4 + 5. Let g be j(m). Let h = -33 - -65. What is the highest common divisor of g and h?
16
Suppose -4*f = -3*f - 31. Let o = f - -104. Calculate the greatest common factor of o and 15.
15
Let i(h) = -2*h**3 + 5*h**2 + 22*h + 42. Let x be i(-8). What is the highest common factor of x and 110?
110
Let s(o) = -16*o**3 + 2*o + 1. Let i be s(-2). Let w be 0/(-9 - (-88)/8) + 50. What is the highest common factor of w and i?
25
Let t be (58 - 14) + (2 - 4) + 0. What is the highest common divisor of t and 105?
21
Let n(r) be the first derivative of -15*r**2/2 - r + 17. Let u be n(-1). What is the greatest common divisor of u and 7?
7
Let o = 31 - 18. Suppose -o*i + 18 = -10*i. Suppose -i*g = -5*g - 374. Calculate the greatest common factor of 34 and g.
34
Suppose 84 - 364 = -2*p. Let b(w) = 5*w**2 + w - 4. Let u be b(4). Suppose 0 = -2*k - 2*k + u. Calculate the greatest common divisor of k and p.
20
Let z(t) = -7*t - 5. Let n be z(5). Let q = n - -74. Calculate the highest common divisor of q and 51.
17
Let l = -56 - -68. What is the highest common factor of 3 and l?
3
Let d = -146 + 89. Let x = d + 145. Calculate the highest common divisor of 11 and x.
11
Suppose 22*x - 20*x = 114. Suppose 12 = -d - 3*d, 4*d = 3*o - 303. Suppose 5*l + 3*b - o = 2*b, -4*l + 82 = 3*b. Calculate the highest common factor of l and x.
19
Let g = -123 + 211. Suppose g*i - 215 = 83*i. Calculate the highest common factor of i and 86.
43
Let g be (-5)/3 - 4/(-6). Let o = 15 - g. What is the greatest common divisor of 128 and o?
16
Let y(u) = 12*u - 93. Let n be y(9). What is the greatest common divisor of n and 960?
15
Suppose 0 = 2*d - 10, 5 = -5*s + 2*d + 2*d. Suppose 33 = s*o - 3. What is the highest common factor of 12 and o?
12
Suppose 3*h = 5*h - 12. Suppose 2*y = g + 30 + 1, 2*g - 64 = -3*y. Calculate the highest common factor of h and y.
6
Let n(o) = 5*o + 31. Let r be n(-6). Suppose 2*u - r - 1 = 0, 0 = -5*l - 3*u + 73. Calculate the greatest common divisor of 98 and l.
14
Let n(j) = j**2 + 6*j - 60. Let t be n(-15). Calculate the greatest common divisor of 30 and t.
15
Suppose 3 = -5*r + 13. Suppose -2*d + 32 = 16*x - 12*x, 0 = r*d + 5*x - 36. What is the greatest common factor of d and 8?
8
Suppose 0 = 3*d + 3*c + 228, -2*d + c = -d + 74. Suppose 0 = -224*n + 215*n - 270. Let h be n/d + (-73)/(-5). What is the greatest common factor of 15 and h?
15
Suppose -9*w + 13698 = 3753. Calculate the highest common factor of w and 65.
65
Suppose 0 = 3*y - t - 39, -13*t + 9*t = 5*y - 82. Let m(k) = 22*k + 2. Let i be m(5). Calculate the greatest common factor of y and i.
14
Let p(m) be the first derivative of 5/2*m**4 - m**3 + 2*m**2 - 14 - 2*m. Let g be p(1). What is the greatest common factor of g and 72?
9
Let k(a) = 8*a + 6. Let y be k(4). Suppose x + 4*f - 57 = 0, 2*x = -6*f + 5*f + 114. Calculate the highest common factor of y and x.
19
Suppose 0 = 20*s - 21*s + 230. What is the highest common divisor of s and 92?
46
Let n(m) = -12*m - 180. Let f be n(-18). Calculate the greatest common factor of 558 and f.
18
Suppose -5*i + 2*h + 14 = 0, 3*i + 4 = 8*i + 3*h. Suppose 3*t + 433 = 4*s, -6*t = -5*s - i*t + 540. Calculate the highest common factor of 16 and s.
16
Let l(j) = -6*j - 3. Let b be l(-5). Let z = 30 - b. Suppose 2*h + 45 = 7*h - z*y, -3*y - 3 = 2*h. What is the highest common divisor of h and 24?
6
Suppose -571 = -n + 469. What is the highest common factor of n and 65?
65
Let q(x) = -66*x + 14. Let f be q(0). Calculate the highest common divisor of 2114 and f.
14
Let r(n) = 2*n**3 + 2*n**2 - 8. Let l be r(3). Calculate the greatest common factor of l and 8.
8
Suppose 0 = -3*q + 5*u + 250 + 6258, 0 = -4*q + 3*u + 8692. Calculate the greatest common factor of 68 and q.
68
Let a be (34 + -42)/(1/(-27)). What is the greatest common factor of 48 and a?
24
Let y be 6/39 - (-384)/39. Suppose -2*u = 3*z - y, -1 + 3 = 2*u - z. Calculate the greatest common divisor of 16 and u.
2
Let f be ((-12)/9)/((-2)/(-24)). Suppose -t - o = 32, o - 96 = 3*t + 2*o. Let y = f - t. Calculate the highest common divisor of 176 and y.
16
Let a(f) = -5*f - 1. Let m be a(-6). Suppose -4 = 5*s + 1. Let b be ((-5)/15)/s*6 + 259. What is the highest common factor of b and m?
29
Let a be (-1 - 15/(-12))*1820. Calculate the highest common divisor of 585 and a.
65
Suppose 1283*m - 1274*m - 5004 = 0. Calculate the greatest common factor of 417 and m.
139
Let t be (-2 + 5 - 9)*(-2)/6. Let m be 2/(1 + -2 - -2). Suppose -4*u + m*l + 334 = 0, 5*u + t*l - l = 400. What is the greatest common factor of 9 and u?
9
Let v = 81 - 37. Suppose 0 = 3*q + 4*u + 112, 21 = 2*q - u + 92. Let y = -25 - q. Calculate the greatest common factor of v and y.
11
Let x be 3*(-2)/6*24/(-4). Suppose -5*r = -r. Let f = r + x. What is the highest common factor of f and 6?
6
Suppose -2*k = -10, -2*v - 3*k + 598 = -97. What is the highest common divisor of 180 and v?
20
Let z(g) = -18*g + 1. Let n be z(-3). Suppose 2*u - 21 = -b, 3*b - 6*b + 19 = 2*u. What is the highest common factor of u and n?
11
Let j(y) = -8*y**2 + 20*y + 2. Let w be j(4). Let m = w - -51. Suppose 4*f - 10 = -3*k, f = 2*f + 5. Calculate the highest common divisor of m and k.
5
Let z = -103 + 427. Suppose -111 = -2*x - 0*x - 5*h, z = 5*x - 3*h. Calculate the highest common divisor of 42 and x.
21
Let u be (-2)/10 + 3/15. Suppose 3*j = 12, u*j + j - 8 = -4*r. Calculate the greatest common factor of r and 1.
1
Let q be 0 + 3 + (-1 - 4). Let g(m) = 2 + 2*m + 43*m**2 - 5*m + 2*m. Let b be g(q). What is the greatest common factor of 22 and b?
22
Let r be 16 + -1 - 2/(-1). Let p be 1/((-3)/12) + 106. Calculate the highest common divisor of p and r.
17
Let j = -884 - -1514. Calculate the greatest common factor of 225 and j.
45
Let u(i) = -3*i**3 + 3*i**2 - 2*i + 2. Let g be u(2). Let f be 21/6*(-19 + 1). Let o be (-459)/f - (-4)/g. What is the greatest common factor of o and 7?
7
Let f(i) = -i**2 + 2*i + 7. Let z be f(3).